of v and 10.
2
Suppose -5*x + 26 + 9 = 0. Calculate the greatest common divisor of x and 203.
7
Let i(g) = -g - 2. Let u be ((-1 - -4) + -2)*-3. Let y be i(u). Suppose v = -0*v + 3. What is the highest common divisor of v and y?
1
Let l(x) = 2*x**2 + 2*x - 2. Let v be l(3). What is the greatest common factor of 55 and v?
11
Suppose -l - 3 = -4, 5*h + 4*l - 109 = 0. Suppose 2*m = -3*m + 70. What is the highest common divisor of h and m?
7
Suppose -q - 44 = -5*q. What is the greatest common factor of 88 and q?
11
Let i(n) = -89*n - 1. Let b be i(-1). What is the greatest common factor of b and 8?
8
Suppose -163 = -5*p + r, -r - r = -2*p + 70. Suppose -5*m - 3 = 7. Let k be (m*p + -1)/(-1). What is the greatest common divisor of k and 13?
13
Let v(q) = 4*q - 51. Let i be v(14). Calculate the highest common factor of 40 and i.
5
Let t(p) = -18*p - 2. Let g(c) = 2*c - 14. Let y be g(6). Let j be t(y). Calculate the greatest common factor of j and 85.
17
Suppose -2*r - g + 0 + 26 = 0, 8 = 2*g. What is the greatest common factor of r and 11?
11
Let t = 14 + -2. Let h = t - 6. What is the highest common divisor of h and 2?
2
Let a(w) = w - 3. Let i be a(9). What is the greatest common factor of i and 42?
6
Let o(p) = -p**2 - 11*p - 18. Let b be o(-5). Suppose 481 = 5*s - h, -2*s - 2*s + h = -385. Calculate the greatest common factor of s and b.
12
Let r = 4 + -6. Let i be 35*(r + (1 - -3)). Suppose 2*s + 3*f = 20 + 55, -s + i = -5*f. What is the highest common divisor of s and 9?
9
Suppose 4 = 3*w + 1. Calculate the greatest common factor of 1 and w.
1
Let k be 6/4*(-8)/12. Let h = -1 - k. Suppose h = a - 2*a + 60. What is the greatest common divisor of 24 and a?
12
Let m = 18 + -3. What is the highest common divisor of 10 and m?
5
Let c(f) = 8*f**2 - 7*f - 8. Let y be c(-3). Let b be (36 - 0) + (1 - 3). Calculate the highest common factor of y and b.
17
Suppose 10 + 4 = 2*r + 2*n, 29 = 5*r + 3*n. Let f be ((-8)/6)/(r/(-42)). What is the highest common divisor of 42 and f?
14
Let g = 1 + 2. What is the highest common factor of g and 27?
3
Suppose 0 = 7*u - 0*u - 35. What is the greatest common factor of 5 and u?
5
Suppose -2*q + 35 = -69. Let t = -33 + q. Suppose -2*f + 3*c + t = 0, 0 = 6*f - f - 3*c - 61. What is the highest common divisor of 154 and f?
14
Suppose -5*y - 64 = -184. Calculate the greatest common divisor of y and 48.
24
Let g = -7 - -12. Suppose 5*d - f - 235 = 0, 4*d + 4*f = -0*f + 164. Suppose g*o - 24 = d. What is the greatest common factor of 35 and o?
7
Suppose -5*g + 4*j + 112 = 0, -3*g + j + 22 = -2*g. Calculate the highest common factor of 24 and g.
24
Let s = 45 + -91. Let j = -28 - s. Calculate the greatest common divisor of j and 45.
9
Let s(h) = -h**3 - 8*h**2 + 8*h - 4. Let d be s(-9). Suppose 2*n = -5 - 5, 0 = q + d*n - 107. What is the highest common factor of 12 and q?
12
Suppose 2*g = 5*g - 9. Let o be g + -1 + 1 + 151. Calculate the greatest common factor of o and 14.
14
Suppose 0 = -j - 3 + 4. Let t = j - 1. Suppose t = -4*p - 0*p - 4*o + 60, 65 = 5*p + 3*o. What is the highest common factor of p and 30?
10
Let n = -1 - -9. Suppose 0*o + 32 = 4*o. Calculate the highest common divisor of o and n.
8
Suppose 19*y - 16 = 17*y. Let h be y/(-4) - (-13 + 2). Let o be 176/10 + (-2)/(-5). Calculate the highest common divisor of o and h.
9
Let m = 24 + -22. Suppose m*z - 73 = -27. Calculate the greatest common factor of 69 and z.
23
Suppose 0 = -0*u - u - 29. Let o = u - -69. Calculate the greatest common divisor of o and 8.
8
Let r = 27 + -16. Let p(d) = -d**2 + 5*d - 1. Let t be p(4). Suppose -82 = -2*x - 3*h, 3*x + t*h - 134 = 4*h. What is the greatest common divisor of x and r?
11
Let r(x) = -11*x. Suppose 4*k = 4*f - 20, -2*k + 16 = -6*k + 2*f. Let n be r(k). What is the greatest common factor of n and 3?
3
Suppose -3*j + 5*g + 40 = 0, -j + 5*j = -g + 61. Suppose 4*t = t + h + 312, 0 = -t + h + 102. Calculate the highest common divisor of j and t.
15
Let w be (-1 - 4)/(1/(-1) - 0). Calculate the highest common divisor of w and 65.
5
Suppose 19 + 17 = 3*w. Suppose -3*y + 5*r = -79, 3*y - 30 = -5*r - 1. What is the greatest common divisor of w and y?
6
Let y be (-2)/(-9) - (-32)/18. Let b(f) = -f**3 + 6*f**2 - 3*f - 7. Let s = 17 - 12. Let q be b(s). Calculate the highest common divisor of y and q.
1
Suppose j = -5*b - 15, 2*b + 6 = -j - 0*b. Suppose j = -r + 12 - 4. Calculate the greatest common factor of 8 and r.
8
Suppose 5 = -4*x + 33. Let w = x + 23. Calculate the greatest common factor of w and 20.
10
Suppose 11*b - 6*b = 30. What is the greatest common factor of 9 and b?
3
Let v = 15 + -21. Let y(w) = -6*w - 3. Let t be y(v). What is the greatest common factor of t and 11?
11
Let x be (-1 - -6)/(-10)*-24. Let c(f) be the second derivative of f**4/6 - f**3/3 - f. Let y be c(-2). Calculate the greatest common divisor of y and x.
12
Suppose 5*v + 94 = 6*v - 2*a, a = -2*v + 163. What is the greatest common divisor of 4 and v?
4
Let y = -10 - -12. Let l be y/(1 - 2) - -12. Calculate the highest common factor of l and 10.
10
Let u be (12/3 - 1)*-1. Let h be 60 + u*(-1 - -2). What is the highest common factor of 38 and h?
19
Let u(j) = -j**2 + j**3 + 5*j**2 - 4*j**2 - 7*j + 10 - 6*j**2. Let t be u(7). Let s = 1 + 3. What is the greatest common divisor of t and s?
2
Let d = -19 - -21. Let a be (-3)/d*136/(-12). Calculate the greatest common divisor of a and 17.
17
Let u = 4 + 66. What is the highest common divisor of 10 and u?
10
Let o(r) = -17*r. Let j be o(-6). Let w be j/4*8/3. Let t(a) = a**3 + 7*a**2 + 8*a + 7. Let i be t(-5). Calculate the highest common divisor of w and i.
17
Suppose 5*z + 2*d - 60 = 43, 4*z + 5*d = 79. Let l(g) = -5*g + 1. Let p be l(-4). What is the greatest common factor of p and z?
21
Suppose 2*d = 3*f - 3*d - 41, -4*f + 32 = -d. Calculate the highest common divisor of f and 49.
7
Let m(r) = -r**2 - r + 13. Let h = 0 - -3. Let y = -3 + h. Let s be m(y). What is the greatest common divisor of 65 and s?
13
Let u(t) = 26*t**2 - 7*t - 1. Let o be u(5). Suppose -2*m - 5*a + a = -268, 4*a + o = 5*m. Calculate the greatest common divisor of 14 and m.
14
Let v be 0 - 3/(-6)*2. Let d = 6 + v. Let h = d + 8. What is the greatest common factor of 3 and h?
3
Suppose 0*y + 19 = -4*s + 3*y, 0 = 3*y - 15. Let m be (0 - -16) + 1 + s. Suppose -n + 5*n = m. What is the greatest common divisor of 32 and n?
4
Suppose j - 2*c = 5*j - 1352, 3*c + 1362 = 4*j. Suppose -3*w + 12 = 0, 5*w - j = -5*f - 19. Calculate the highest common divisor of 6 and f.
6
Let l = 55 + -37. Suppose 2*v + 4 = 0, 7*x - 3*x - l = 5*v. Let t be -1 + 38/(-4)*-2. What is the greatest common divisor of t and x?
2
Suppose -4*a = -4*q - 9*a + 777, 5*q = -a + 987. Let g = 278 - q. Calculate the greatest common divisor of 10 and g.
10
Suppose -6*y = -4*x - 3*y + 2, -12 = -5*x - y. Let r = 4 + x. Suppose 0*s - 4*s + 16 = 0. Calculate the highest common factor of r and s.
2
Let b = -4 - -6. Suppose -b*u + 211 = 57. Let q = 16 - 9. Calculate the greatest common factor of q and u.
7
Let a be (-2)/((-1)/(-22)*4). Let t = -3 - a. Let v be ((-4)/6)/2*-3. Calculate the greatest common factor of t and v.
1
Let h be (15/(-6))/((-5)/12). Let u be -18*6/(-9)*1. What is the highest common divisor of h and u?
6
Suppose 0 = 8*z - 55 - 673. What is the highest common factor of 13 and z?
13
Let a be 1/(-2) - (-1)/2. Let f be (-2)/(-2 + -2)*60/(-6). Let c = a - f. Calculate the greatest common factor of 35 and c.
5
Let s = 43 + -36. Suppose 0*w - 45 = -3*w + 3*d, 3*w - 45 = -5*d. Let v = 50 - w. What is the greatest common factor of v and s?
7
Suppose 3*q = g - 0 - 6, -54 = -5*g + 3*q. Suppose 26 = 3*t - 28. What is the highest common divisor of t and g?
6
Let h = 2 + -1. Let n be h + (-45*5)/3. Let g be 4/(-10) + n/(-10). What is the greatest common divisor of 28 and g?
7
Let k(n) be the third derivative of n**5/60 - n**4/24 - 2*n**3/3 - 2*n**2. Let s be k(5). What is the highest common divisor of s and 8?
8
Let z(o) = o + 8. Let y be z(-7). Suppose 3*x - 20 = w, -3*x - 3*w - 6 = -30. Let s be -3 + x/(14/20). Calculate the greatest common divisor of y and s.
1
Let c(l) = -l**2 + 11*l - 8. Let u be c(9). Suppose -5*f = -a - 97, -a - 3*a + 32 = f. Calculate the hig